{"id":52733,"date":"2025-01-30T23:01:52","date_gmt":"2025-01-30T22:01:52","guid":{"rendered":"http:\/\/fokussrl.com\/prodotto\/poele-granules-avec-four-biscotto-8-5-kw\/"},"modified":"2025-01-30T22:46:26","modified_gmt":"2025-01-30T21:46:26","slug":"poele-granules-avec-four-biscotto-8-5-kw","status":"publish","type":"product","link":"https:\/\/www.fokussrl.com\/fr\/produit\/poele-granules-avec-four-biscotto-8-5-kw\/","title":{"rendered":"Po\u00eale \u00e0 granul\u00e9s avec four BISCOTTO 8,5 kW &#8211; Eva Cal\u00f2r"},"content":{"rendered":"<ul>\n<li>Puissance de combustion : max 8,5 kW &ndash; min 3,3 kW<\/li>\n<li>Puissance de chauffage : max 7,5 kW &ndash; min 3,0 kW<\/li>\n<li>Classe d&rsquo;efficacit&eacute; &eacute;nerg&eacute;tique : A+<\/li>\n<li>Rendement : Pmax 88,0% &ndash; Pmin 88,5%<\/li>\n<li>Valeur de CO avec 13% O2 (%) : Pmax 0,005% &ndash; Pmin 0,032%<\/li>\n<li>Consommation horaire de pellets : max 1,8 kg\/h &ndash; min 0,6 kg\/h<\/li>\n<li>Capacit&eacute; du r&eacute;servoir : 15 kg<\/li>\n<li>Taille de la pi&egrave;ce chauffable : 140 &ndash; 200 m&sup3;<\/li>\n<li>Distances minimales des murs inflammables : c&ocirc;t&eacute; : 30 cm &#8211; arri&egrave;re : 20 cm &#8211; face : 100 cm<\/li>\n<li>Alimentation\/Freq. : 230V &ndash; 50 Hz<\/li>\n<li>Puissance &eacute;lectrique nominale : 340 W<\/li>\n<li>Dimensions : L 48,8 x P 54,5 x H 157,8 cm<\/li>\n<li>Poids : 130 kg<\/li>\n<li>Chambre de combustion en acier<\/li>\n<li>Br&ucirc;leur en acier inoxydable<\/li>\n<li>Dimensions du four : L 30,0 x P 38,5 x H 28,0 cm<\/li>\n<li>Conforme aux normes : EN14785 &#8211; BImSchV II &#8211; 15a B-VG &#8211; LRV\/VKF<\/li>\n<li>Tiroir &agrave; cendres : Amovible pour r&eacute;cup&eacute;ration des cendres<\/li>\n<li>Evacuation des fum&eacute;es : Sup&eacute;rieure \/ Post&eacute;rieure<\/li>\n<li>T&eacute;l&eacute;commande : Optionnelle<\/li>\n<li>Module WI-FI pour commande &agrave; distance : Optionnel<\/li>\n<li>Canalisation SELECT<\/li>\n<li>Plateforme de protection : Optionnelle<\/li>\n<\/ul>\n","protected":false},"excerpt":{"rendered":"<p>Po\u00eale \u00e0 granul\u00e9s ventil\u00e9 avec four. Fa\u00e7ade de porte en verre s\u00e9rigraphi\u00e9e noire et c\u00f4t\u00e9s peints en aluminium. Sortie de fum\u00e9e sup\u00e9rieure ou arri\u00e8re.<br \/>Ventilation forc\u00e9e<br \/>Tiroir lat\u00e9ral pour chargement des granul\u00e9s<br \/>Four en acier inoxydable<br \/>Guides amovibles pour plateaux<br \/>Plateau en aluminium inclus<br \/>Grille incluse<br \/>Gestion de la temp\u00e9rature via affichage (120\u00b0-240\u00b0C)<br \/>5 niveaux de puissance<br \/>Affichage avec menu en 6 langues<br \/>Tiroir \u00e0 cendres amovible<br \/>Canalisation SELECT<br \/>Sortie de fum\u00e9e arri\u00e8re &#8211; sup\u00e9rieure (kit)<br \/>Thermostat de s\u00e9curit\u00e9<br \/>Pr\u00e9disposition pour thermostat externe<br \/>Pressostat de s\u00e9curit\u00e9<br \/>Thermostat programmable<\/p>\n","protected":false},"featured_media":52734,"template":"","meta":{"_acf_changed":false},"product_brand":[4807],"product_cat":[4603],"product_tag":[],"class_list":{"0":"post-52733","1":"product","2":"type-product","3":"status-publish","4":"has-post-thumbnail","6":"product_brand-eva-calor-fr","7":"product_cat-poeles-a-granules","8":"product_shipping_class-stufe-a-pellet-2-2","9":"sales-flash-overlay","10":"woocommerce-text-align-center","11":"woocommerce-image-align-center","12":"do-quantity-buttons","14":"first","15":"instock","16":"taxable","17":"shipping-taxable","18":"purchasable","19":"product-type-simple"},"acf":[],"_links":{"self":[{"href":"https:\/\/www.fokussrl.com\/fr\/wp-json\/wp\/v2\/product\/52733","targetHints":{"allow":["GET"]}}],"collection":[{"href":"https:\/\/www.fokussrl.com\/fr\/wp-json\/wp\/v2\/product"}],"about":[{"href":"https:\/\/www.fokussrl.com\/fr\/wp-json\/wp\/v2\/types\/product"}],"wp:featuredmedia":[{"embeddable":true,"href":"https:\/\/www.fokussrl.com\/fr\/wp-json\/wp\/v2\/media\/52734"}],"wp:attachment":[{"href":"https:\/\/www.fokussrl.com\/fr\/wp-json\/wp\/v2\/media?parent=52733"}],"wp:term":[{"taxonomy":"product_brand","embeddable":true,"href":"https:\/\/www.fokussrl.com\/fr\/wp-json\/wp\/v2\/product_brand?post=52733"},{"taxonomy":"product_cat","embeddable":true,"href":"https:\/\/www.fokussrl.com\/fr\/wp-json\/wp\/v2\/product_cat?post=52733"},{"taxonomy":"product_tag","embeddable":true,"href":"https:\/\/www.fokussrl.com\/fr\/wp-json\/wp\/v2\/product_tag?post=52733"}],"curies":[{"name":"wp","href":"https:\/\/api.w.org\/{rel}","templated":true}]}}

Poêle à granulés avec four BISCOTTO 8,5 kW &#8211; Eva Calòr

<p>Poêle à granulés ventilé avec four. Façade de porte en verre sérigraphiée noire et côtés peints en aluminium. Sortie de fumée supérieure ou arrière.<br />Ventilation forcée<br />Tiroir latéral pour chargement des granulés<br />Four en acier inoxydable<br />Guides amovibles pour plateaux<br />Plateau en aluminium inclus<br />Grille incluse<br />Gestion de la température via affichage (120°-240°C)<br />5 niveaux de puissance<br />Affichage avec menu en 6 langues<br />Tiroir à cendres amovible<br />Canalisation SELECT<br />Sortie de fumée arrière &#8211; supérieure (kit)<br />Thermostat de sécurité<br />Prédisposition pour thermostat externe<br />Pressostat de sécurité<br />Thermostat programmable</p>
