{"id":52863,"date":"2025-01-30T23:02:15","date_gmt":"2025-01-30T22:02:15","guid":{"rendered":"http:\/\/fokussrl.com\/prodotto\/poele-bois-avec-four-ch-4-11-7-kw\/"},"modified":"2025-01-30T22:46:39","modified_gmt":"2025-01-30T21:46:39","slug":"poele-bois-avec-four-ch-4-11-7-kw","status":"publish","type":"product","link":"https:\/\/www.fokussrl.com\/fr\/produit\/poele-bois-avec-four-ch-4-11-7-kw\/","title":{"rendered":"Po\u00eale \u00e0 bois avec four CH-4 11,7 kW &#8211; FM Calefacci\u00f3n"},"content":{"rendered":"<ul>\n<li>Dimensions ext\u00e9rieures : P 435 x L 675 x H 1115 mm<\/li>\n<li>Dimensions de la chambre de combustion : 426 x 310 mm<\/li>\n<li>Profondeur de la chambre de combustion : 390 mm<\/li>\n<li>Dimensions du four : 426 x 200 mm<\/li>\n<li>Profondeur du four : 335 mm<\/li>\n<li>Consommation horaire : 2,76 kg\/h<\/li>\n<li>Longueur des b\u00fbches : 50 cm<\/li>\n<li>Puissance thermique maximale : 11,7 kW<\/li>\n<li>Puissance thermique nominale : 9,5 kW<\/li>\n<li>Poids : 116 kg<\/li>\n<li>Efficacit\u00e9 : 81%<\/li>\n<li>\u00c9missions de CO : 0,08%<\/li>\n<\/ul>\n<p>R\u00e9glage de l&rsquo;air primaire et secondaire pour un verre toujours propre<\/p>\n","protected":false},"excerpt":{"rendered":"<p>Po\u00eale \u00e0 bois en acier peint anthracite r\u00e9sistant \u00e0 650\u00b0. Porte avec cristal en vitroc\u00e9ramique r\u00e9sistant \u00e0 750\u00b0. Four ferm\u00e9 avec thermom\u00e8tre pour contr\u00f4ler la temp\u00e9rature de cuisson.<\/p>\n","protected":false},"featured_media":52864,"template":"","meta":{"_acf_changed":false},"product_brand":[4809],"product_cat":[4601],"product_tag":[],"class_list":{"0":"post-52863","1":"product","2":"type-product","3":"status-publish","4":"has-post-thumbnail","6":"product_brand-fm-calefaccion-fr","7":"product_cat-poeles-au-bois-avec-four","8":"product_shipping_class-stufe-a-legna-con-forno-2-2","9":"sales-flash-overlay","10":"woocommerce-text-align-center","11":"woocommerce-image-align-center","12":"do-quantity-buttons","14":"first","15":"instock","16":"taxable","17":"shipping-taxable","18":"purchasable","19":"product-type-simple"},"acf":[],"_links":{"self":[{"href":"https:\/\/www.fokussrl.com\/fr\/wp-json\/wp\/v2\/product\/52863","targetHints":{"allow":["GET"]}}],"collection":[{"href":"https:\/\/www.fokussrl.com\/fr\/wp-json\/wp\/v2\/product"}],"about":[{"href":"https:\/\/www.fokussrl.com\/fr\/wp-json\/wp\/v2\/types\/product"}],"wp:featuredmedia":[{"embeddable":true,"href":"https:\/\/www.fokussrl.com\/fr\/wp-json\/wp\/v2\/media\/52864"}],"wp:attachment":[{"href":"https:\/\/www.fokussrl.com\/fr\/wp-json\/wp\/v2\/media?parent=52863"}],"wp:term":[{"taxonomy":"product_brand","embeddable":true,"href":"https:\/\/www.fokussrl.com\/fr\/wp-json\/wp\/v2\/product_brand?post=52863"},{"taxonomy":"product_cat","embeddable":true,"href":"https:\/\/www.fokussrl.com\/fr\/wp-json\/wp\/v2\/product_cat?post=52863"},{"taxonomy":"product_tag","embeddable":true,"href":"https:\/\/www.fokussrl.com\/fr\/wp-json\/wp\/v2\/product_tag?post=52863"}],"curies":[{"name":"wp","href":"https:\/\/api.w.org\/{rel}","templated":true}]}}

Poêle à bois avec four CH-4 11,7 kW &#8211; FM Calefacción

<ul>
<li>Dimensions extérieures : P 435 x L 675 x H 1115 mm</li>
<li>Dimensions de la chambre de combustion : 426 x 310 mm</li>
<li>Profondeur de la chambre de combustion : 390 mm</li>
<li>Dimensions du four : 426 x 200 mm</li>
<li>Profondeur du four : 335 mm</li>
<li>Consommation horaire : 2,76 kg/h</li>
<li>Longueur des bûches : 50 cm</li>
<li>Puissance thermique maximale : 11,7 kW</li>
<li>Puissance thermique nominale : 9,5 kW</li>
<li>Poids : 116 kg</li>
<li>Efficacité : 81%</li>
<li>Émissions de CO : 0,08%</li>
</ul>
<p>Réglage de l&rsquo;air primaire et secondaire pour un verre toujours propre</p>

<p>Poêle à bois en acier peint anthracite résistant à 650°. Porte avec cristal en vitrocéramique résistant à 750°. Four fermé avec thermomètre pour contrôler la température de cuisson.</p>
