{"id":52987,"date":"2025-01-30T23:02:37","date_gmt":"2025-01-30T22:02:37","guid":{"rendered":"http:\/\/fokussrl.com\/prodotto\/cheminee-murale-bois-velvet-avec-vitre-5-kw\/"},"modified":"2025-01-30T22:46:51","modified_gmt":"2025-01-30T21:46:51","slug":"cheminee-murale-bois-velvet-avec-vitre-5-kw","status":"publish","type":"product","link":"https:\/\/www.fokussrl.com\/fr\/produit\/cheminee-murale-bois-velvet-avec-vitre-5-kw\/","title":{"rendered":"Chemin\u00e9e murale \u00e0 bois VELVET avec vitre 5 kW &#8211; Fugar"},"content":{"rendered":"<ul>\n<li><strong>Structure:<\/strong> acier<\/li>\n<li><strong>Chemin\u00e9e:<\/strong> ferm\u00e9 avec verre<\/li>\n<li><strong>Combustible:<\/strong> bois<\/li>\n<li><strong>Chauffage:<\/strong> convection naturelle et rayonnement<\/li>\n<li><strong>Tuyau de sortie des fum\u00e9es:<\/strong> &oslash; 200 mm<\/li>\n<li><strong>Dimensions:<\/strong> 910 x 725 x 2700 mm<\/li>\n<li><strong>Diam\u00e8tre de sortie des fum\u00e9es<\/strong>: 200 mm<\/li>\n<li><strong>Cadre<\/strong>: acier<\/li>\n<\/ul>\n","protected":false},"excerpt":{"rendered":"<p>Chemin\u00e9e suspendue murale en acier peint anthracite, id\u00e9ale pour un d\u00e9cor moderne minimaliste, enti\u00e8rement sur mesure. Dans ce cas, la chemin\u00e9e est r\u00e9alis\u00e9e avec des dimensions standard en tenant compte d&rsquo;une hauteur de plafond de 270 cm et d&rsquo;une sortie de fum\u00e9e au plafond. De nombreuses variantes sont disponibles sur devis.<\/p>\n","protected":false},"featured_media":52988,"template":"","meta":{"_acf_changed":false},"product_brand":[4812],"product_cat":[4582,4585],"product_tag":[],"class_list":{"0":"post-52987","1":"product","2":"type-product","3":"status-publish","4":"has-post-thumbnail","6":"product_brand-fugar-fr","7":"product_cat-cheminees-design","8":"product_cat-cheminees-modernes-au-bois-murales","9":"product_shipping_class-caminetti-di-design-2-2","10":"sales-flash-overlay","11":"woocommerce-text-align-center","12":"woocommerce-image-align-center","13":"do-quantity-buttons","15":"first","16":"instock","17":"taxable","18":"shipping-taxable","19":"purchasable","20":"product-type-simple"},"acf":[],"_links":{"self":[{"href":"https:\/\/www.fokussrl.com\/fr\/wp-json\/wp\/v2\/product\/52987","targetHints":{"allow":["GET"]}}],"collection":[{"href":"https:\/\/www.fokussrl.com\/fr\/wp-json\/wp\/v2\/product"}],"about":[{"href":"https:\/\/www.fokussrl.com\/fr\/wp-json\/wp\/v2\/types\/product"}],"wp:featuredmedia":[{"embeddable":true,"href":"https:\/\/www.fokussrl.com\/fr\/wp-json\/wp\/v2\/media\/52988"}],"wp:attachment":[{"href":"https:\/\/www.fokussrl.com\/fr\/wp-json\/wp\/v2\/media?parent=52987"}],"wp:term":[{"taxonomy":"product_brand","embeddable":true,"href":"https:\/\/www.fokussrl.com\/fr\/wp-json\/wp\/v2\/product_brand?post=52987"},{"taxonomy":"product_cat","embeddable":true,"href":"https:\/\/www.fokussrl.com\/fr\/wp-json\/wp\/v2\/product_cat?post=52987"},{"taxonomy":"product_tag","embeddable":true,"href":"https:\/\/www.fokussrl.com\/fr\/wp-json\/wp\/v2\/product_tag?post=52987"}],"curies":[{"name":"wp","href":"https:\/\/api.w.org\/{rel}","templated":true}]}}

Cheminée murale à bois VELVET avec vitre 5 kW &#8211; Fugar

<ul>
<li><strong>Structure:</strong> acier</li>
<li><strong>Cheminée:</strong> fermé avec verre</li>
<li><strong>Combustible:</strong> bois</li>
<li><strong>Chauffage:</strong> convection naturelle et rayonnement</li>
<li><strong>Tuyau de sortie des fumées:</strong> &oslash; 200 mm</li>
<li><strong>Dimensions:</strong> 910 x 725 x 2700 mm</li>
<li><strong>Diamètre de sortie des fumées</strong>: 200 mm</li>
<li><strong>Cadre</strong>: acier</li>
</ul>

<p>Cheminée suspendue murale en acier peint anthracite, idéale pour un décor moderne minimaliste, entièrement sur mesure. Dans ce cas, la cheminée est réalisée avec des dimensions standard en tenant compte d&rsquo;une hauteur de plafond de 270 cm et d&rsquo;une sortie de fumée au plafond. De nombreuses variantes sont disponibles sur devis.</p>
