{"id":53060,"date":"2025-01-30T23:02:55","date_gmt":"2025-01-30T22:02:55","guid":{"rendered":"http:\/\/fokussrl.com\/prodotto\/insert-granules-gerico-9-kw\/"},"modified":"2025-01-30T22:47:07","modified_gmt":"2025-01-30T21:47:07","slug":"insert-granules-gerico-9-kw","status":"publish","type":"product","link":"https:\/\/www.fokussrl.com\/fr\/produit\/insert-granules-gerico-9-kw\/","title":{"rendered":"Insert \u00e0 granul\u00e9s GERICO 9 kW &#8211; L&rsquo;artistico"},"content":{"rendered":"<ul>\n<li>Puissance thermique max. 9,8 kW \/ min. 4,1 kW<\/li>\n<li>Rendement max. 92,7% \/ min. 94,5%<\/li>\n<li>Consommation horaire de granul\u00e9s max. 2,2 Kg\/h. min. 0,9 Kg\/h.<\/li>\n<li>Autonomie max. 6,5 h. \/ min. 16,5 h.<\/li>\n<li>Capacit\u00e9 du r\u00e9servoir 15 kg<\/li>\n<li>Consommation \u00e9lectrique en r\u00e9gime 74 &#8211; 134 W\/h.<\/li>\n<li>Ventilateur d&rsquo;air 210+210 m3\/h.<\/li>\n<li>R\u00e9glage et fonctionnement T\u00e9l\u00e9commande IR<\/li>\n<li>Poids net 128 kg<\/li>\n<li>Certification environnementale DM186 4 \u00e9toiles<\/li>\n<li>Livr\u00e9 avec t\u00e9l\u00e9commande et kit de chargement de granul\u00e9s<\/li>\n<\/ul>\n","protected":false},"excerpt":{"rendered":"<p>Insert \u00e0 granul\u00e9s canalisable avec porte en verre noir s\u00e9rigraphi\u00e9, adapt\u00e9 aux espaces de taille moyenne.<\/p>\n<p>Sobre et discret avec une surface mod\u00e9r\u00e9e. L&rsquo;insert frontal de cette chemin\u00e9e encastr\u00e9e est id\u00e9al pour redonner vie \u00e0 un ancien foyer et apporter une touche moderne au mur.<\/p>\n","protected":false},"featured_media":53061,"template":"","meta":{"_acf_changed":false},"product_brand":[4822],"product_cat":[4593],"product_tag":[],"class_list":{"0":"post-53060","1":"product","2":"type-product","3":"status-publish","4":"has-post-thumbnail","6":"product_brand-l-artistico-fr","7":"product_cat-inserts-a-granules","8":"product_shipping_class-inserti-a-pellet-2-2","9":"sales-flash-overlay","10":"woocommerce-text-align-center","11":"woocommerce-image-align-center","12":"do-quantity-buttons","14":"first","15":"instock","16":"taxable","17":"shipping-taxable","18":"product-type-simple"},"acf":[],"_links":{"self":[{"href":"https:\/\/www.fokussrl.com\/fr\/wp-json\/wp\/v2\/product\/53060","targetHints":{"allow":["GET"]}}],"collection":[{"href":"https:\/\/www.fokussrl.com\/fr\/wp-json\/wp\/v2\/product"}],"about":[{"href":"https:\/\/www.fokussrl.com\/fr\/wp-json\/wp\/v2\/types\/product"}],"wp:featuredmedia":[{"embeddable":true,"href":"https:\/\/www.fokussrl.com\/fr\/wp-json\/wp\/v2\/media\/53061"}],"wp:attachment":[{"href":"https:\/\/www.fokussrl.com\/fr\/wp-json\/wp\/v2\/media?parent=53060"}],"wp:term":[{"taxonomy":"product_brand","embeddable":true,"href":"https:\/\/www.fokussrl.com\/fr\/wp-json\/wp\/v2\/product_brand?post=53060"},{"taxonomy":"product_cat","embeddable":true,"href":"https:\/\/www.fokussrl.com\/fr\/wp-json\/wp\/v2\/product_cat?post=53060"},{"taxonomy":"product_tag","embeddable":true,"href":"https:\/\/www.fokussrl.com\/fr\/wp-json\/wp\/v2\/product_tag?post=53060"}],"curies":[{"name":"wp","href":"https:\/\/api.w.org\/{rel}","templated":true}]}}

Insert à granulés GERICO 9 kW &#8211; L&rsquo;artistico

<ul>
<li>Puissance thermique max. 9,8 kW / min. 4,1 kW</li>
<li>Rendement max. 92,7% / min. 94,5%</li>
<li>Consommation horaire de granulés max. 2,2 Kg/h. min. 0,9 Kg/h.</li>
<li>Autonomie max. 6,5 h. / min. 16,5 h.</li>
<li>Capacité du réservoir 15 kg</li>
<li>Consommation électrique en régime 74 &#8211; 134 W/h.</li>
<li>Ventilateur d&rsquo;air 210+210 m3/h.</li>
<li>Réglage et fonctionnement Télécommande IR</li>
<li>Poids net 128 kg</li>
<li>Certification environnementale DM186 4 étoiles</li>
<li>Livré avec télécommande et kit de chargement de granulés</li>
</ul>

<p>Insert à granulés canalisable avec porte en verre noir sérigraphié, adapté aux espaces de taille moyenne.</p>
<p>Sobre et discret avec une surface modérée. L&rsquo;insert frontal de cette cheminée encastrée est idéal pour redonner vie à un ancien foyer et apporter une touche moderne au mur.</p>
