{"id":61383,"date":"2025-02-04T01:16:15","date_gmt":"2025-02-04T00:16:15","guid":{"rendered":"http:\/\/fokussrl.com\/prodotto\/cuisiniere-granules-nina-7-5-kw\/"},"modified":"2025-02-04T01:33:38","modified_gmt":"2025-02-04T00:33:38","slug":"cuisiniere-granules-nina-7-5-kw","status":"publish","type":"product","link":"https:\/\/www.fokussrl.com\/fr\/produit\/cuisiniere-granules-nina-7-5-kw\/","title":{"rendered":"Cuisini\u00e8re \u00e0 granul\u00e9s NINA 7,5 kW &#8211; Eva Calor"},"content":{"rendered":"","protected":false},"excerpt":{"rendered":"<p>Cette cuisine combine la praticit\u00e9 des granul\u00e9s avec la tradition \u00e9prouv\u00e9e des cuisini\u00e8res \u00e9conomiques pour pr\u00e9parer des plats et chauffer la maison.<\/p>\n<p>Elle est ventil\u00e9e et \u00e9quip\u00e9e d&rsquo;un syst\u00e8me de chargement frontal des granul\u00e9s facile \u00e0 utiliser. La sortie des fum\u00e9es peut \u00eatre sup\u00e9rieure ou arri\u00e8re, et la ventilation peut \u00eatre d\u00e9sactiv\u00e9e en \u00e9t\u00e9.<\/p>\n<p>Version avec plaque sup\u00e9rieure en acier. OPTION en vitroc\u00e9ramique.<\/p>\n","protected":false},"featured_media":60515,"template":"","meta":{"_acf_changed":false},"product_brand":[4807],"product_cat":[4589],"product_tag":[],"class_list":{"0":"post-61383","1":"product","2":"type-product","3":"status-publish","4":"has-post-thumbnail","6":"product_brand-eva-calor-fr","7":"product_cat-cuisinieres-a-granules","8":"product_shipping_class-cucine-a-pellet-2-2","9":"pa_colore-ivoire","10":"pa_colore-noir-gaufre","11":"pa_colore-rouge","12":"sales-flash-overlay","13":"woocommerce-text-align-center","14":"woocommerce-image-align-center","15":"do-quantity-buttons","17":"first","18":"instock","19":"taxable","20":"shipping-taxable","21":"purchasable","22":"product-type-variable"},"acf":[],"_links":{"self":[{"href":"https:\/\/www.fokussrl.com\/fr\/wp-json\/wp\/v2\/product\/61383","targetHints":{"allow":["GET"]}}],"collection":[{"href":"https:\/\/www.fokussrl.com\/fr\/wp-json\/wp\/v2\/product"}],"about":[{"href":"https:\/\/www.fokussrl.com\/fr\/wp-json\/wp\/v2\/types\/product"}],"wp:featuredmedia":[{"embeddable":true,"href":"https:\/\/www.fokussrl.com\/fr\/wp-json\/wp\/v2\/media\/60515"}],"wp:attachment":[{"href":"https:\/\/www.fokussrl.com\/fr\/wp-json\/wp\/v2\/media?parent=61383"}],"wp:term":[{"taxonomy":"product_brand","embeddable":true,"href":"https:\/\/www.fokussrl.com\/fr\/wp-json\/wp\/v2\/product_brand?post=61383"},{"taxonomy":"product_cat","embeddable":true,"href":"https:\/\/www.fokussrl.com\/fr\/wp-json\/wp\/v2\/product_cat?post=61383"},{"taxonomy":"product_tag","embeddable":true,"href":"https:\/\/www.fokussrl.com\/fr\/wp-json\/wp\/v2\/product_tag?post=61383"}],"curies":[{"name":"wp","href":"https:\/\/api.w.org\/{rel}","templated":true}]}}

Cuisinière à granulés NINA 7,5 kW &#8211; Eva Calor

<p>Cette cuisine combine la praticité des granulés avec la tradition éprouvée des cuisinières économiques pour préparer des plats et chauffer la maison.</p>
<p>Elle est ventilée et équipée d&rsquo;un système de chargement frontal des granulés facile à utiliser. La sortie des fumées peut être supérieure ou arrière, et la ventilation peut être désactivée en été.</p>
<p>Version avec plaque supérieure en acier. OPTION en vitrocéramique.</p>
