{"id":58513,"date":"2025-02-01T17:20:08","date_gmt":"2025-02-01T16:20:08","guid":{"rendered":"http:\/\/fokussrl.com\/prodotto\/cucina-a-legna-kook-60-4-0-7-7-kw-cadel\/"},"modified":"2025-02-01T17:20:10","modified_gmt":"2025-02-01T16:20:10","slug":"cucina-a-legna-kook-60-4-0-7-7-kw-cadel","status":"publish","type":"product","link":"https:\/\/www.fokussrl.com\/it\/prodotto\/cucina-a-legna-kook-60-4-0-7-7-kw-cadel\/","title":{"rendered":"Cucina a legna KOOK 60 4.0 7,7 kW &#8211; Cadel"},"content":{"rendered":"<ul>\n<li>Volumi di ambienti ben isolati m3 177<\/li>\n<li>Potenza termica al focolare kW 7.4<\/li>\n<li>Potenza resa nominale kW 6,2<\/li>\n<li>Potenza di riscald. all&#8217;ambiente kW 6,2<\/li>\n<li>Rendimento % 84,1<\/li>\n<li>Imbocco fuoco LxH mm 260&times;144<\/li>\n<li>Forno 370x340x165<\/li>\n<li>Fiamma visibile Si<\/li>\n<li>Scarico fumi &Oslash; mm 140<\/li>\n<li>Dimensioni LxPxH mm 595x600x860<\/li>\n<li>Rivestimento Acciaio Smaltato<\/li>\n<li>Peso Kg 121,6<\/li>\n<li>Optional: Ventilazione + luce<\/li>\n<\/ul>\n","protected":false},"excerpt":{"rendered":"<p>In questa cucina a legna da incasso ci\u00f2 che colpisce \u00e8 lo spazio dedicato al forno, l&#8217;ampio vetro permette di vedere i cibi in cottura ed il focolare, cos\u00ec che tutto sia sempre sotto controllo. Il grande forno \u00e8 in acciaio inox per una cottura omogenea e una facile pulizia mentre il piano cottura che di serie \u00e8 in ghisa e disponibile anche in vetroceramica. Il comodo cassettone scorrevole permette di tenere la legna a portata di mano, il tutto pensato per dare grande funzionalit\u00e0 ed ergonomicit\u00e0 agli amanti dell&#8217;arte del cucinare. Disponibile anche in nelle larghezze 80 e 90.<\/p>\n","protected":false},"featured_media":55165,"template":"","meta":{"_acf_changed":false},"product_brand":[4016],"product_cat":[4535],"product_tag":[3847],"class_list":{"0":"post-58513","1":"product","2":"type-product","3":"status-publish","4":"has-post-thumbnail","6":"product_brand-cadel","7":"product_cat-cucine-a-legna","8":"product_tag-cucine-a-legna-cadel","9":"product_shipping_class-cucine-a-legna","10":"pa_colore-antracite","11":"pa_colore-bianco","12":"pa_colore-inox","13":"pa_colore-nero","14":"sales-flash-overlay","15":"woocommerce-text-align-center","16":"woocommerce-image-align-center","17":"do-quantity-buttons","19":"first","20":"instock","21":"taxable","22":"shipping-taxable","23":"purchasable","24":"product-type-variable"},"acf":[],"_links":{"self":[{"href":"https:\/\/www.fokussrl.com\/it\/wp-json\/wp\/v2\/product\/58513","targetHints":{"allow":["GET"]}}],"collection":[{"href":"https:\/\/www.fokussrl.com\/it\/wp-json\/wp\/v2\/product"}],"about":[{"href":"https:\/\/www.fokussrl.com\/it\/wp-json\/wp\/v2\/types\/product"}],"wp:featuredmedia":[{"embeddable":true,"href":"https:\/\/www.fokussrl.com\/it\/wp-json\/wp\/v2\/media\/55165"}],"wp:attachment":[{"href":"https:\/\/www.fokussrl.com\/it\/wp-json\/wp\/v2\/media?parent=58513"}],"wp:term":[{"taxonomy":"product_brand","embeddable":true,"href":"https:\/\/www.fokussrl.com\/it\/wp-json\/wp\/v2\/product_brand?post=58513"},{"taxonomy":"product_cat","embeddable":true,"href":"https:\/\/www.fokussrl.com\/it\/wp-json\/wp\/v2\/product_cat?post=58513"},{"taxonomy":"product_tag","embeddable":true,"href":"https:\/\/www.fokussrl.com\/it\/wp-json\/wp\/v2\/product_tag?post=58513"}],"curies":[{"name":"wp","href":"https:\/\/api.w.org\/{rel}","templated":true}]}}

<p>In questa cucina a legna da incasso ciò che colpisce è lo spazio dedicato al forno, l&#8217;ampio vetro permette di vedere i cibi in cottura ed il focolare, così che tutto sia sempre sotto controllo. Il grande forno è in acciaio inox per una cottura omogenea e una facile pulizia mentre il piano cottura che di serie è in ghisa e disponibile anche in vetroceramica. Il comodo cassettone scorrevole permette di tenere la legna a portata di mano, il tutto pensato per dare grande funzionalità ed ergonomicità agli amanti dell&#8217;arte del cucinare. Disponibile anche in nelle larghezze 80 e 90.</p>
